at is 100 + 110?
1010
In base 5, what is 1003 + 3?
1011
In base 10, what is 15 - 11?
4
In base 3, what is -1010111 + -11?
-1010122
In base 2, what is 100101001110 + 10?
100101010000
In base 10, what is -5 + 170?
165
In base 8, what is 2613 - -3?
2616
In base 12, what is 4909 + 3?
4910
In base 8, what is 2210 + -2?
2206
In base 6, what is 254 - -3?
301
In base 5, what is 0 + -323?
-323
In base 16, what is 1b - -32?
4d
In base 15, what is 1 + 9a5?
9a6
In base 3, what is 10121211 - -2?
10121220
In base 8, what is 0 + -103?
-103
In base 3, what is 1 + 2012?
2020
In base 16, what is 4 - c39?
-c35
In base 8, what is -6661 - -2?
-6657
In base 9, what is 45 + 1?
46
In base 11, what is 1 + 4?
5
In base 12, what is -49 - 4?
-51
In base 4, what is 1 - -130201?
130202
In base 14, what is 4 - -69?
6d
In base 11, what is 4 + -71?
-68
In base 13, what is 0 - 129?
-129
In base 6, what is 2 + -44?
-42
In base 14, what is -1 + -46?
-47
In base 16, what is -6 - -1c?
16
In base 12, what is 6333 - 1?
6332
In base 4, what is 3 - -3?
12
In base 16, what is -2 + -5eb?
-5ed
In base 13, what is 105 - 9b?
37
In base 16, what is 5 - -185?
18a
In base 4, what is -12120 - 2?
-12122
In base 16, what is 1 + -18?
-17
In base 7, what is -410 + -2?
-412
In base 12, what is -3 + 2b8?
2b5
In base 12, what is -170 - 4?
-174
In base 4, what is 1 + -130333?
-130332
In base 5, what is 10 - 4140?
-4130
In base 3, what is -1002 + -1?
-1010
In base 6, what is -4 - -14222?
14214
In base 12, what is -85 + -8?
-91
In base 2, what is -110101 - 0?
-110101
In base 10, what is -219 + -4?
-223
In base 14, what is -1c - -25?
7
In base 10, what is -98 + 19?
-79
In base 7, what is -13106 + 5?
-13101
In base 14, what is -3a4 + -2?
-3a6
In base 3, what is 2120001 - 12?
2112212
In base 5, what is -11023 - 13?
-11041
In base 4, what is 1123 + 31?
1220
In base 2, what is 1100110 + 1011?
1110001
In base 12, what is 3 + -27a?
-277
In base 11, what is 25 - -4?
29
In base 15, what is 26 - -14?
3a
In base 8, what is 5 - 127?
-122
In base 9, what is -4 + 455?
451
In base 16, what is -1d + 5?
-18
In base 10, what is -12 - 426?
-438
In base 4, what is -2 + -1022?
-1030
In base 3, what is 121 + -2?
112
In base 5, what is -1 - 1?
-2
In base 5, what is -22102 + 2?
-22100
In base 13, what is -13 - -ba?
a7
In base 9, what is 104 - 478?
-374
In base 7, what is -143 - 212?
-355
In base 16, what is 463 - 0?
463
In base 8, what is -46170 + 3?
-46165
In base 15, what is 11 + 22?
33
In base 5, what is -103121 + 4?
-103112
In base 8, what is 2 + -14?
-12
In base 10, what is -5 - 1415?
-1420
In base 16, what is ec + 5?
f1
In base 4, what is 2221231 - 3?
2221222
In base 6, what is 14 + -14?
0
In base 4, what is -201 + 3?
-132
In base 16, what is -2 - -4fd?
4fb
In base 12, what is 2 - -898?
89a
In base 5, what is 23 - -4?
32
In base 6, what is 542033 + -5?
542024
In base 14, what is 3 + 4b?
50
In base 4, what is -1332 - -11?
-1321
In base 11, what is -60 + 5?
-56
In base 2, what is -101 + 11?
-10
In base 4, what is 30301 + -31?
30210
In base 5, what is -2 - 211?
-213
In base 15, what is 1ae - 14?
19a
In base 2, what is -101000 - 101001110?
-101110110
In base 4, what is 10 + 11032?
11102
In base 16, what is c81 + 4?
c85
In base 15, what is -b3 - -1?
-b2
In base 15, what is 9 - -284?
28d
In base 15, what is 150 - -3?
153
In base 5, what is -112 - -10?
-102
In base 14, what is -4c7 - 8?
-4d1
In base 2, what is 100 + -110101010100?
-110101010000
In base 2, what is 0 - -11010?
11010
In base 11, what is -308 - -4?
-304
In base 2, what is 101 - -111011111?
111100100
In base 2, what is 100010101 + 111111?
101010100
In base 12, what is 123 - 0?
123
In base 6, what is 105 + 2?
111
In base 4, what is -1310 - 10?
-1320
In base 13, what is 1c - a?
12
In base 14, what is -1 + -c2?
-c3
In base 4, what is 3 - -30?
33
In base 14, what is -178 - -5?
-173
In base 9, what is -2 + 226?
224
In base 16, what is 10 - 0?
10
In base 9, what is 41 - -23?
64
In base 4, what is -10 - -320?
310
In base 7, what is -143 + -5?
-151
In base 16, what is -1 - -e?
d
In base 11, what is 29 - -22?
50
In base 6, what is -3 + -55?
-102
In base 8, what is 1620 + 2?
1622
In base 10, what is 16528 + 2?
16530
In base 8, what is -2347 + -3?
-2352
In base 9, what is 1263 + -2?
1261
In base 6, what is 0 - -233?
233
In base 13, what is 2 + -4a?
-48
In base 7, what is -50 + 103?
23
In base 8, what is -33 - -2?
-31
In base 15, what is -1a + 95?
7a
In base 10, what is -96 - 56?
-152
In base 2, what is -1111001000100 + 101?
-1111000111111
In base 8, what is 4 + 3023?
3027
In base 12, what is -458 + 0?
-458
In base 7, what is 312 + 150?
462
In base 8, what is 0 - -126?
126
In base 14, what is 6 - 200?
-1d8
In base 2, what is 10100 - -11000?
101100
In base 12, what is 6 - -153?
159
In base 15, what is -2 + -1c3?
-1c5
In base 6, what is -111215 + 1?
-111214
In base 2, what is 0 + 1010?
1010
In base 4, what is 11300 + 212?
12112
In base 7, what is -12 - -33?
21
In base 3, what is 2202101 + 10?
2202111
In base 11, what is -319 - 5?
-323
In base 10, what is -1 + -65?
-66
In base 7, what is -3513 - -4?
-3506
In base 11, what is 2 - 22?
-20
In base 7, what is -3 + -20?
-23
In base 3, what is 1 + 220200?
220201
In base 5, what is -1020 - -2?
-1013
In base 5, what is 30040 + 10?
30100
In base 7, what is 204 + 4?
211
In base 12, what is 19 - 3?
16
In base 2, what is -1000110001 - 1?
-1000110010
In base 6, what is -4530 - 0?
-4530
In base 11, what is -3 - 181?
-184
In base 11, what is -22a + -2?
-231
In base 5, what is 131 - -4?
140
In base 8, what is 104 + -126?
-22
In base 4, what is 2322 + 311?
3233
In base 4, what is -113220 - -2?
-113212
In base 15, what is -5 + 89?
84
In base 14, what is -451 - 0?
-451
In base 12, what is -5 - 16?
-1b
In base 7, what is 5442 + 5?
5450
In base 12, what is -1 + 13?
12
In base 8, what is 0 - 57?
-57
In base 14, what is 5 - 45?
-40
In base 14, what is -4 + -1c?
-22
In base 14, what is 408 + 0?
408
In base 11, what is -10 + 4?
-7
In base 5, what is 2 + 2310?
2312
In base 4, what is -3 - 120330?
-120333
In base 5, what is -21141 - -23?
-21113
In base 7, what is 3 - -1132?
1135
In base 7, what is 3 - -10160?
10163
In base 15, what is c - -4?
11
In base 14, what is -307 - 0?
-307
In base 16, what is -2 + -1fc?
-1fe
In base 4, what is 1022 + -11?
1011
In base 15, what is 415 - 0?
415
In base 7, what is 2 - -11?
13
In base 2, what is -100 + -1100?
-10000
In base 15, what is 7 + -17?
-10
In base 14, what is -3 - 11?
-14
In base 3, what is 10121 - 2?
10112
In base 4, what is 2332 + -2?
2330
In base 2, what is -101111 + -1?
-110000
In base 4, what is -2212313 - -11?
-2212302
In base 9, what is -187 + -10?
-207
In base 10, what is 102 + 53?
155
In base 6, what is -3 + 1201?
1154
In base 6, what is -303 - -10?
-253
In base 7, what is -10 - -2523?
2513
In base 8, what is 6 + 17?
25
In base 8, what is 1132 - -1?
1133
In base 9, what is -16 - 1078?
-1105
In base 15, what is -a49 - 2?
-a4b
In base 13, what is -3 - -254?
251
In base 9, what is -2 - -1826?
1824
In base 9, what is -7 - 175?
-183
In base 9, what is -25 - -222?
186
In base 12, what is 3a + -3?
37
In base 3, what is 111012100 - -12?
111012112
In base 4, what is 20 + 2?
22
In base 5, what is -132 - -14?
-113
In base 3, what is -10 - 2021?
-2101
In base 8, what is -14 - -4?
-10
In base 9, what is 141 + 25?
166
In base 15, what is -25da + -4?
-25de
In base 2, what is -11 + -11010001?
-11010100
In base 10, what is 2082 + 5?
2087
In base 2, what is -101101101110 - 10?
-101101110000
In base 4, what is -3 - -113021?
113012
In base 12, what is -2a - 76?
-a4
In base 5, what is 3 - -22101?
22104
In base 6, what is -2531 + -4?
-2535
In base 12, what is -69 + -71?
-11a
In base 15, what is -4 - 2a?
-2e
In base 12, what is 1 - -989?
98a
In base 12, what is 2 + 91?
93
In base 5, what is -1340 - -3?
-1332
In base 3, what is -1201 - -20?
-1111
In base 6, what is 4103 + -4?
4055
In base 9, what is 1 + -12041?
-12040
In base 12, what is -2570 + 0?
-2570
In base 8, what is -57706 - 1?
-57707
In base 5, what is -3 - -130024?
130021
In base 5, what is 134432 + -1?
134431
In base 14, what is -12a - 2?
-12c
In base 4, what is 222 + 302?
1130
In base 12, what is 2 - 306?
-304
In base 13, what is 5 - -143?
148
In base 15, what 